+ n, -5*d + 61 = 3*v - 0*v. Calculate the highest common divisor of d and 98.
14
Suppose 2*u - 10 = 18. What is the highest common divisor of 70 and u?
14
Let p = 130 + -50. What is the highest common factor of p and 32?
16
Suppose -91 = -2*x + 117. Let k = x - 29. Calculate the highest common divisor of k and 15.
15
Let h be 4995/162 + (-5)/6. Calculate the greatest common divisor of h and 18.
6
Let v(a) be the second derivative of -a**4/12 + 5*a**3/3 - 4*a**2 - 3*a. Let w be v(7). Calculate the greatest common factor of w and 104.
13
Let b = 91 + -57. Calculate the highest common factor of 51 and b.
17
Let d(g) = -g**2 - 55. Let x be d(0). Let w be x/(1/2*-2). What is the highest common divisor of w and 5?
5
Let m be -1 + 3 - (-26 - -9). What is the greatest common factor of 76 and m?
19
Suppose -2*g - i + 86 = 0, -i - 85 = -5*g + 116. What is the highest common divisor of 123 and g?
41
Suppose u + 0*u + i - 14 = 0, 5*u - 4*i - 88 = 0. What is the greatest common factor of u and 24?
8
Let h(y) = y + 60. Let k be h(0). What is the highest common factor of 24 and k?
12
Let m = 458 + -256. Let k be m/12 - 1/(-6). What is the highest common factor of k and 51?
17
Let b(x) be the first derivative of x**4/4 + 8*x**3/3 + 2*x**2 - x - 2. Let o be b(-7). Let s be 6/(-10) + 106/10. What is the highest common factor of s and o?
10
Let z(a) = -6*a - 1. Let j be z(-6). What is the highest common divisor of 14 and j?
7
Let n be 3/(-12) + (-85)/(-4). What is the greatest common factor of 42 and n?
21
Let m = 26 - -86. Suppose w - 6 = -2*w. Suppose -8 - 20 = -w*z. Calculate the highest common divisor of m and z.
14
Let g(n) = 7*n - 3. Let j be g(-1). Let m = 19 + j. Calculate the highest common factor of m and 72.
9
Let b(i) = 16*i**2 + 1. Let h be b(1). Calculate the greatest common factor of h and 187.
17
Suppose 3*d = 5*d. Suppose x - 3*f - 22 = d, -26 = -2*x + f - 7. What is the greatest common factor of 21 and x?
7
Let n be -8 + 0*3/6. Let y = n - -11. Suppose -4*m = -4*u, -y*u + 6 = -2*m + m. Calculate the greatest common factor of u and 3.
3
Let i be 0/1 + (99 - 0). Calculate the highest common factor of 11 and i.
11
Suppose 0 = 3*a - a + 112. Let d = -2 - a. Calculate the highest common divisor of 18 and d.
18
Suppose 0 = 2*j + 2*j. Suppose j = -5*a - 0*z - 2*z + 315, -4*a - 3*z = -245. What is the highest common factor of a and 13?
13
Let v(l) = -83*l**3 + 2*l**2 + 3*l + 2. Let s be v(-1). Calculate the greatest common divisor of s and 24.
12
Let c be 4 + (2 - 3 - -3). Calculate the highest common factor of c and 66.
6
Let z(u) = u**3 - u + 10. Let b be z(0). Calculate the greatest common factor of b and 60.
10
Suppose -6*h - d + 11 = -h, 4*h - 4*d - 4 = 0. Suppose -o - 14 = -h*o. What is the highest common divisor of 7 and o?
7
Let t = -7 + 43. Let w(r) = -r**3 + r**2 + 2*r + 1. Let d be w(-2). Let m be 0 - 3/(d/(-12)). What is the greatest common factor of m and t?
4
Suppose 3*s = 35 + 13. Let g = 4 - 0. Suppose -g*q + 176 = -3*q. What is the highest common divisor of q and s?
16
Let t be (10/(-3))/((-2)/6). Let n be (-2 - -2)/(-1) - t. Let x = 67 - n. Calculate the highest common factor of x and 11.
11
Suppose 4*r = -r - 5*t + 205, r = 5*t + 41. Let p = -25 + r. Calculate the greatest common factor of p and 176.
16
Let t(j) = 2*j - 5. Let w be t(6). Calculate the greatest common divisor of w and 1.
1
Let y be (15/30)/((-2)/(-36)). Calculate the greatest common divisor of y and 81.
9
Let v(p) = -p**2 + 6*p + 12. Let d be v(6). Suppose n = -3*n - 32. Let f be (n/1)/((-1)/6). What is the highest common divisor of d and f?
12
Suppose -2*c - 53 - 65 = -u, 3*u = -c + 319. What is the highest common divisor of 12 and u?
12
Let g(x) = 17*x + 1. Let c(j) = j - 1. Let a(n) = 5*c(n) + 5*g(n). Let r be a(1). What is the highest common divisor of r and 10?
10
Let q(c) = c**3 - 10*c**2 - 8*c - 11. Let b be q(11). Calculate the greatest common factor of b and 88.
22
Let d = -4 - -4. Let k = 20 - d. What is the greatest common factor of k and 30?
10
Suppose 5*q = 5*s - 20, 2*s - q + 26 = 6*s. Suppose 2*k - 48 = k + 2*m, -258 = -5*k + 4*m. Calculate the highest common divisor of k and s.
6
Let t be -2*3/(9/(-3)). Suppose 48 = 4*y - t*c + 4*c, -3*c + 62 = 5*y. What is the greatest common divisor of 10 and y?
10
Let x(y) = 64*y - 14. Let p be x(6). Suppose -3*f - 58 = -p. Calculate the highest common divisor of f and 13.
13
Let z be 0 - 15/(4/(-4)). Calculate the greatest common factor of z and 15.
15
Let r(y) be the third derivative of -23*y**4/24 - 7*y**2. Let z be r(-1). Calculate the greatest common factor of z and 23.
23
Let n(x) = -x. Let w be n(-6). Let k(j) = j**3 - 7*j**2 + 7*j - 1. Let q be k(w). Calculate the greatest common factor of q and 55.
5
Let l = 6 - 10. Let c be l/16 - 133/(-4). Calculate the highest common divisor of 22 and c.
11
Suppose c + 50 = -4*c. Let q = c + 14. Suppose q*h - 84 = 84. What is the highest common divisor of 14 and h?
14
Let q(z) = z**3 - 14*z**2 - 14*z + 15. Let v be q(15). Calculate the greatest common factor of 270 and v.
30
Suppose -2*f + 45 = 4*p - 1, 4*f - 8 = -p. What is the highest common factor of p and 8?
4
Let g = 2 + -2. Suppose 5*a - 19 = -3*h - g, 3*h = -6. Suppose 0*x - 22 = -b - 4*x, -a*b - 4*x + 62 = 0. Calculate the highest common divisor of 40 and b.
10
Let p = 675 + 865. Suppose -5*f = -0*f - p. Calculate the highest common divisor of 28 and f.
28
Let f(b) = b**3 - 5*b**2 - b - 6. Let c(s) = -s + 5. Let r be c(3). Suppose r*g = -0*g + 12. Let o be f(g). What is the greatest common factor of 8 and o?
8
Let b(g) = g + 2. Let q be b(2). Suppose 0*h + 48 = q*h. Suppose -j - 3*a + 87 = 0, -5*j = -j + 4*a - 340. What is the highest common divisor of h and j?
12
Suppose -5*q - 150 = -5*j, -5*j = 4*q - 38 - 76. What is the highest common divisor of j and 234?
26
Let i = 73 + -35. Let s = -23 + i. Calculate the greatest common factor of s and 75.
15
Suppose 0 = 3*u - 1 - 26. Calculate the highest common divisor of u and 99.
9
Let m(x) = -x**2 - 12*x - 5. Let j = -3 - 3. Let z be m(j). What is the highest common divisor of z and 31?
31
Suppose -3*b + 0*b = -150. Suppose b = 5*r + 2*w, -3*w = r - 10 - 13. What is the highest common divisor of 56 and r?
8
Let z(f) = f**3 - 8*f**2 - 6*f - 2. Let h be z(9). What is the greatest common divisor of h and 225?
25
Suppose 7*r - 47 = 44. Suppose -65 = -2*m + m. What is the highest common divisor of r and m?
13
Let t be 1/(-2) + (-150)/(-12). Let o = t - 5. Calculate the greatest common divisor of 21 and o.
7
Suppose -3*n = 1 - 16. Calculate the greatest common factor of n and 20.
5
Let y = 11 + -3. Let z be y/6*18/12. What is the greatest common divisor of 6 and z?
2
Suppose 3*v - 400 = -4*d - 0*v, 0 = -2*d - 5*v + 200. Calculate the highest common factor of 10 and d.
10
Let u(a) = 12*a**3 - a**2 - 2. Let w(l) = l - 4. Let f be w(6). Let p be u(f). What is the greatest common divisor of 9 and p?
9
Let d = 138 + -73. Suppose 2*z = 4*z + 16. Let t be (-108)/z - 2/4. What is the highest common divisor of d and t?
13
Suppose b = -2*c + 10, -b - 4 = -2*c + 2. Let l be 4 - -3*(13 + c). Calculate the highest common divisor of 5 and l.
5
Let r(k) = -k**3 - 14*k**2 - 17*k - 16. Let f be r(-13). Suppose -92 = -4*h + 4*c, c + c = -3*h + 74. Calculate the greatest common factor of f and h.
12
Let q be 1/(1/(-5) + 0). Let l(a) = -3*a - 6. Let o be l(q). Let t = -67 - -112. Calculate the highest common divisor of o and t.
9
Let g = -16 - -49. Calculate the greatest common factor of g and 22.
11
Let m(x) = -8*x**3 - 9*x + 6*x**3 + 7*x**2 + 3*x**3 + 3 + 0*x**3. Let p be m(-7). Calculate the greatest common factor of p and 6.
6
Let a(s) = s - 3. Let d be a(5). Suppose -d*p + 2 = 2*r, -3*p - 29 = -8*p + 3*r. Calculate the highest common factor of p and 8.
4
Let f = 212 - 62. What is the greatest common divisor of f and 30?
30
Suppose 4*a - a + 372 = 0. Let s = a - -268. Calculate the greatest common factor of 18 and s.
18
Let p be (1 - -3 - 3) + 21. What is the highest common divisor of 55 and p?
11
Suppose w + 3*m - 4 = 8, 2*w + 5*m - 29 = 0. What is the greatest common divisor of w and 18?
9
Let x(j) = -j**3 + 12*j**2 - 10*j - 7. Let v be x(11). Suppose -5*f = -4*m - 116, v*m + 84 = 5